 r = 24 - 25. Let f be o(r). Let k(h) = -965*h + 2. Is k(f) a composite number?
False
Let u(d) be the third derivative of 0 + 1/2*d**3 - 8*d**2 + 0*d + 11/120*d**6 + 0*d**5 - 1/6*d**4. Is u(2) a composite number?
False
Let q(z) = 274*z**2 - 16*z + 71. Is q(4) a prime number?
True
Suppose 7*n + 5578 = 65085. Is n a composite number?
False
Let t(p) = p**2 - 13*p - 16. Let v be t(21). Suppose c + 7 - v = 0. Is c composite?
True
Suppose -73*m + 70*m = 2*z - 283173, -m + 94391 = 2*z. Is m prime?
False
Let r = 24849 - 11908. Is r prime?
True
Let m(d) = -2445*d - 3. Let b be m(-2). Suppose -13318 - b = -5*u. Is u composite?
True
Suppose -27*p = -39*p + 150888. Is p a composite number?
True
Let r(z) = 4*z**2 + 5*z - 9. Let q(h) = h**3 - 8*h**2 - 11*h + 17. Let u(a) = 3*q(a) + 7*r(a). Is u(3) a prime number?
False
Let g = -2574 - -19021. Is g composite?
False
Let j(f) = -5*f**3 + 16*f**2 + 7*f - 23. Is j(-11) a composite number?
True
Suppose -3*q + 0*q = 3*p + 3, -17 = -p + 5*q. Let w be -2*(-4 + 5/p). Suppose w*z - 6*z + 3*m + 3852 = 0, -5135 = -4*z + 3*m. Is z a prime number?
True
Suppose 1454 = -7*b + 6977. Suppose -12*a = -9*a - b. Is a composite?
False
Is 3/8*2*11708 a prime number?
False
Let y = 32 - 29. Suppose -5*s - y*b = -4520, -2*s - b + 4530 = 3*s. Is s composite?
False
Let j(n) = -640*n + 41. Is j(-3) a composite number?
True
Suppose -3*z + 178 = 2*s, s = -s + 10. Let h(k) = -50*k - 7. Let v be h(-2). Let b = v - z. Is b composite?
False
Let m(r) = 143*r**2 - 2*r + 6. Let p be m(4). Suppose -2*l - 2*h + 1524 = 2*h, -3*l = -4*h - p. Suppose -39 = -3*w + l. Is w prime?
False
Let n = 8886 - -14971. Is n a composite number?
False
Suppose 0 = -4*o + 5*o - 2. Suppose -a + 2*l = -417, o*a - l + 844 = 4*a. Let q = a + 66. Is q a composite number?
False
Suppose 3*c = 13972 + 45011. Is c a composite number?
False
Let g = 18989 + -12702. Is g a composite number?
False
Let u(g) = -3*g - 8*g + g + g + 8 - g**2. Let n be (0 + 2)*-1 + -4. Is u(n) prime?
False
Let w = 3 + -31. Is 4/3*(-5838)/w composite?
True
Suppose 4*f = k + 2 + 10, 2*f = 3*k + 6. Suppose 4*m + 5 = f*m. Let i(u) = u**3 + 10*u**2 + 4*u - 2. Is i(m) a composite number?
False
Suppose -3*w + 598 = 4*u, -527 = -3*w + 3*u + 106. Suppose -4*h - 344 = 92. Let b = w + h. Is b a prime number?
True
Let m(l) = 11*l**3 - 3*l**2 - 4. Let a(y) = -y**3 - y**2 - 1. Let k(z) = 5*a(z) - m(z). Is k(-2) a prime number?
False
Let f(t) = -t**3 - t**2 + t + 1. Let i be f(-2). Suppose 3*d + 2*d = 8*n - 28625, -4*n + 14280 = 4*d. Suppose -v = 3*u - 707, -n = -5*v - i*u - 2*u. Is v prime?
True
Let s = 437 - 139. Suppose 0 = 5*v + s - 1553. Is v a composite number?
False
Suppose -3*u - 5*t = -1050 - 2824, 4*u = -5*t + 5167. Suppose -u - 323 = 4*z. Let n = 691 + z. Is n prime?
False
Let n be (-405)/(-2) - (-5)/10. Let d = -128 + n. Suppose -5*u + d = -30. Is u a prime number?
False
Let u be (12 - -39)*2/(-3). Let a = u + 1. Let q = -12 - a. Is q a composite number?
True
Let h(j) = j**2 - j - 1. Let p be h(3). Suppose -p = -2*x + 1. Suppose 0 = -4*s + x*s + 254. Is s prime?
False
Let r = 34 + -30. Suppose 4*u + 1 = -4*c + 49, -37 = -3*c - r*u. Is c a prime number?
True
Suppose -3*p + 11 - 8 = 0. Is 2*p - (-301 + (-8 - -4)) a prime number?
True
Let u(d) be the third derivative of -d**6/24 - d**5/4 + 5*d**4/8 - 5*d**3/2 + d**2 - 21*d. Is u(-8) prime?
False
Let z = -73 - -130. Let n = 96 - z. Let f = 88 + n. Is f prime?
True
Suppose 0*z = -3*z - 144. Let r be (3/1)/((-36)/z). Suppose -754 = -6*q + r*q. Is q composite?
True
Let l(f) = 184*f**3 - 2*f**2 - 8*f + 55. Is l(6) prime?
True
Let p(l) = -2*l + 8. Let y be p(4). Let t be -146*(2 + y)*1. Let n = t + 665. Is n a prime number?
True
Suppose -596 = -5*j + 4*j. Let s be (-4)/(-6) - (-30)/9. Suppose s*z - j = -0*z. Is z a prime number?
True
Is 2703 - -68 - 4*1 prime?
True
Let c(m) = -3*m**3 - m**2. Let s be c(-1). Suppose -2*w + 2348 = s*w. Is w prime?
True
Let g(q) = 11*q**2 + 35*q - 7. Is g(-13) prime?
False
Suppose 3*q + 0*q + 5*x = 12, -48 = -5*q + x. Let l = q - 5. Suppose -l*o + 1073 = -y, -2*o - o - 5*y = -822. Is o a prime number?
True
Let m = 153 + -157. Let j(w) = 41*w**2 + 6. Is j(m) a prime number?
False
Suppose 5*o - 15947 = -3*f, 10662 + 5291 = 5*o - 3*f. Let a be -6 + (-5970)/(-3) - -4. Let y = o - a. Is y composite?
True
Let m(c) = -1517*c - 261. Is m(-10) composite?
True
Suppose -c + w = -20479, 0 = -4*c + 5*w + 66779 + 15133. Is c a prime number?
True
Is ((-135772)/42)/((-2)/3) a composite number?
True
Let f(u) = -u + 1. Let c be f(-3). Suppose -c*i = -5*i + 34. Suppose -3 = -x + i. Is x a composite number?
False
Let n = 64652 - 39823. Is n prime?
False
Suppose -3599 = -14*h + 12123. Is h a composite number?
False
Let m be (-49)/28 + (-1)/4. Let u(d) = -d. Let o be u(m). Suppose 4*x + 4*n = 260, -4*n + o*n + 268 = 4*x. Is x composite?
True
Let y = 109 + -132. Is (1*83)/(-22 - y) prime?
True
Let p = 23731 + -7232. Is p prime?
False
Suppose -22*k + 69055 = 5*z - 23*k, -2*z = -5*k - 27622. Is z prime?
False
Let f(z) = 48 - 51 - 3*z + 20*z**3 + 2*z**2 + 4*z. Let r be f(5). Suppose -r = -5*l - 3*l. Is l composite?
True
Suppose -g + 21 = 5*n, -3*g - 2*g = -4*n - 221. Let w = -36 + -172. Let d = g - w. Is d a prime number?
False
Suppose -3472 = -4*a + 12264. Suppose 6*q - 2*q + 2646 = 2*o, 3*o - a = -q. Is o a composite number?
True
Let o(h) = 41*h**3 + 2*h**2 + 8*h - 23. Let t be o(5). Suppose b + t = 9*b. Is b composite?
True
Suppose -a = 2*a + 193596. Let s be (-1)/5 + a/(-85). Is (-7)/14 - s/(-2) a composite number?
False
Suppose -26 = 3*g + 3*a + 7, -5*a = 3*g + 43. Let b be -898*2/(-8)*g. Let z = -782 - b. Is z composite?
True
Let g = -1062 - -2479. Is g composite?
True
Suppose 0 = -w + 4*n - 2, -4*w + 2*n + 0 = -6. Suppose w*u - 2045 = -5*t, -5*u = 5*t - 1265 - 765. Is t prime?
False
Let j(p) = -p**3 + 34*p**2 + 47*p - 101. Is j(34) prime?
False
Let s = 9308 + -5081. Is s a prime number?
False
Let o(k) = k**2 - 24*k - 34. Is o(29) a composite number?
True
Suppose -y - 6*a + 2*a = 18, 4*y = -5*a - 28. Suppose -4606 - 762 = -2*b. Is y/3 - b/(-12) a composite number?
False
Let l be ((-21)/2 + 0)*2. Let p = l - -24. Suppose -3*a - 5*c = -461, 4*a - p*c - 736 + 102 = 0. Is a composite?
False
Let t = -1512 + 2251. Let f = -108 + t. Is f prime?
True
Let d = -11219 + 7573. Let f be (d/(-10))/(2/10). Let o = f - 946. Is o a composite number?
False
Suppose -4*z - 4*v + 32 = 0, -3*v - 9 = -3*z - v. Suppose b = d + d + 3, 0 = -z*b - 4*d + 29. Is b + -3 + 1*185 prime?
False
Let g(o) = -o**2 - 25*o - 19. Let s be g(-16). Suppose -8*v + s = -179. Is v a prime number?
False
Let b(i) = -2*i + 18. Let w be b(6). Let n(y) = 36*y**2 + 7*y - 16. Is n(w) composite?
True
Let k(c) be the first derivative of 7/3*c**3 + c + 3 - 1/4*c**4 + 1/2*c**2. Is k(6) prime?
True
Let g(d) = -204*d + 9. Let a(z) = 204*z - 8. Let s(m) = 6*a(m) + 5*g(m). Let i be s(1). Suppose 0 = -0*l - 3*l + i. Is l a prime number?
True
Let h = 131418 + -70351. Is h composite?
True
Let v be 3/(6/(-4) - -3). Suppose 9 = -v*r - 9. Let k(b) = -b**3 - 8*b**2 - 4*b - 6. Is k(r) prime?
False
Let n(a) = -17*a - 25*a - 20*a + 5. Is n(-4) composite?
True
Suppose -4*p + 20971 = -18153. Is p prime?
True
Let h(c) = 20*c - 7. Let d(o) = o + 7. Let w be d(4). Is h(w) a prime number?
False
Let d(u) = -7*u - 3 - 7*u**2 + 2*u**3 + 2 + 8*u. Let l be d(6). Suppose l = z - 84. Is z a prime number?
True
Is (-2)/23 + (-123112)/(-184) + -2 prime?
False
Let c = 22 - 21. Let f be 1*c/((-4)/(-12)). Suppose -f*a + 144 = -33. Is a composite?
False
Suppose 3*p + 2*p + 2720 = 0. Let w = p - -1031. Is w composite?
False
Suppose -10*l = -15*l + 10. Is (-7 + -1 + l)*(-746)/4 a prime number?
False
Let l be (-3 + 1)/(4/(-5794)). Let r = -1318 + l. Is r composite?
False
Is 336520/(-60)*(-3)/2 prime?
False
Let j = 74 - 127. Let d(z) = -5*z - 7. Let c be d(27). Let p = j - c. Is p a prime number?
True
Let m(p) = p + 9. Let h = -25 + 20. Let r be m(h). Is (-8)/r*53/(-2) a composite number?
False
Let t(q) = 589*q**2 - 3*q + 1. Let j(a) = a**3 + 5*a**2 + 5*a + 5. Let k be j(-4). Is t(k) composite?
False
Let g be 4/(-10) + 34068/(-30). Let c = -667 - g. Is c a composite number?
True
Let a(v) = 30*v - 3. Let i(w) = -121*w + 11. Let o(q) = -9*a(